the prime factors of 260738?
2, 130369
What are the prime factors of 6453631?
29, 139, 1601
What are the prime factors of 901140?
2, 3, 5, 23, 653
List the prime factors of 5467110.
2, 3, 5, 11, 16567
List the prime factors of 104213.
23, 197
List the prime factors of 172356.
2, 3, 53, 271
What are the prime factors of 18733669?
67, 279607
What are the prime factors of 345922?
2, 257, 673
List the prime factors of 5346421.
103, 51907
What are the prime factors of 856291?
37, 23143
What are the prime factors of 262435?
5, 73, 719
What are the prime factors of 2700532?
2, 675133
What are the prime factors of 562380?
2, 3, 5, 7, 13, 103
What are the prime factors of 986798?
2, 493399
List the prime factors of 1032810.
2, 3, 5, 173, 199
List the prime factors of 239191.
19, 12589
List the prime factors of 178629.
3, 11, 5413
What are the prime factors of 2865896?
2, 11, 29, 1123
List the prime factors of 23079048.
2, 3, 961627
What are the prime factors of 1073580?
2, 3, 5, 29, 617
What are the prime factors of 3671370?
2, 3, 5, 19, 113
List the prime factors of 3963827.
7, 73, 7757
List the prime factors of 502523.
7, 71789
What are the prime factors of 23653814?
2, 67, 176521
List the prime factors of 231939.
3, 25771
List the prime factors of 535634.
2, 11, 97, 251
What are the prime factors of 16703409?
3, 5567803
What are the prime factors of 8476036?
2, 67, 31627
List the prime factors of 18173.
17, 1069
List the prime factors of 105037.
105037
List the prime factors of 7004880.
2, 3, 5, 23, 47
What are the prime factors of 365575?
5, 7, 2089
What are the prime factors of 218035?
5, 43607
List the prime factors of 1096876.
2, 11, 97, 257
What are the prime factors of 364674?
2, 3, 60779
List the prime factors of 723186.
2, 3, 40177
List the prime factors of 165046.
2, 7, 11789
List the prime factors of 1401700.
2, 5, 107, 131
What are the prime factors of 1277386?
2, 11, 31, 1873
What are the prime factors of 1113039?
3, 19, 23, 283
List the prime factors of 235949.
7, 37, 911
List the prime factors of 250511.
31, 8081
What are the prime factors of 655994?
2, 19, 61, 283
List the prime factors of 1459385.
5, 291877
List the prime factors of 366639.
3, 7, 13, 17, 79
What are the prime factors of 7328868?
2, 3, 610739
List the prime factors of 326907.
3, 7, 5189
List the prime factors of 5216508.
2, 3, 11, 4391
List the prime factors of 102715.
5, 20543
What are the prime factors of 225751?
225751
What are the prime factors of 559746?
2, 3, 11, 257
What are the prime factors of 20348851?
859, 23689
What are the prime factors of 12435585?
3, 5, 17, 48767
List the prime factors of 788780.
2, 5, 39439
List the prime factors of 767943.
3, 11, 7757
What are the prime factors of 588634?
2, 294317
List the prime factors of 2972644.
2, 743161
List the prime factors of 120749.
120749
List the prime factors of 2157694.
2, 7, 11, 14011
What are the prime factors of 163513?
7, 47, 71
What are the prime factors of 3212789?
523, 6143
What are the prime factors of 5903776?
2, 53, 59
What are the prime factors of 304717?
7, 101, 431
List the prime factors of 3581373.
3, 17, 70223
What are the prime factors of 152360?
2, 5, 13, 293
List the prime factors of 66070.
2, 5, 6607
List the prime factors of 115646.
2, 53, 1091
What are the prime factors of 12745905?
3, 5, 849727
List the prime factors of 317771.
317771
What are the prime factors of 14580869?
14580869
List the prime factors of 2176566.
2, 3, 7, 29, 1787
List the prime factors of 454139.
7, 64877
List the prime factors of 11628638.
2, 7, 830617
List the prime factors of 706309.
706309
List the prime factors of 128179.
23, 5573
List the prime factors of 301046.
2, 150523
What are the prime factors of 286455?
3, 5, 13, 113
List the prime factors of 1115339.
23, 71, 683
What are the prime factors of 2080573?
11, 73, 2591
What are the prime factors of 531951?
3, 7, 73, 347
List the prime factors of 1082736.
2, 3, 73, 103
List the prime factors of 5772066.
2, 3, 962011
List the prime factors of 879422.
2, 167, 2633
What are the prime factors of 653994?
2, 3, 11, 367
What are the prime factors of 159888?
2, 3, 3331
List the prime factors of 728534.
2, 364267
What are the prime factors of 16708254?
2, 3, 157, 17737
What are the prime factors of 22924?
2, 11, 521
List the prime factors of 119196.
2, 3, 7, 11, 43
What are the prime factors of 347274?
2, 3, 59, 109
What are the prime factors of 174546?
2, 3, 9697
What are the prime factors of 483971?
483971
List the prime factors of 10151192.
2, 1268899
List the prime factors of 7103724.
2, 3, 29, 137, 149
List the prime factors of 15396055.
5, 311, 9901
What are the prime factors of 932815?
5, 13, 113, 127
List the prime factors of 3687263.
29, 53, 2399
What are the prime factors of 156621?
3, 17, 37, 83
What are the prime factors of 483273?
3, 7, 2557
What are the prime factors of 202389?
3, 11, 6133
List the prime factors of 559955.
5, 11, 10181
What are the prime factors of 3683670?
2, 3, 5, 122789
What are the prime factors of 1009889?
47, 21487
List the prime factors of 1858235.
5, 131, 2837
List the prime factors of 609028.
2, 7, 21751
What are the prime factors of 727911?
3, 31, 2609
List the prime factors of 1372827.
3, 457609
What are the prime factors of 2910252?
2, 3, 242521
List the prime factors of 30205336.
2, 7, 53, 10177
List the prime factors of 24695136.
2, 3, 19, 4513
What are the prime factors of 1075301?
17, 43, 1471
What are the prime factors of 2494946?
2, 43, 67, 433
What are the prime factors of 17590742?
2, 13, 619, 1093
List the prime factors of 235035.
3, 5, 1741
What are the prime factors of 4631430?
2, 3, 5, 263, 587
What are the prime factors of 24633332?
2, 6158333
What are the prime factors of 86869?
86869
What are the prime factors of 1055299?
7, 41, 3677
List the prime factors of 2546529.
3, 848843
List the prime factors of 153559.
7, 21937
List the prime factors of 3100206.
2, 3, 516701
List the prime factors of 117763.
117763
What are the prime factors of 277255?
5, 11, 71
What are the prime factors of 3723829?
19, 195991
List the prime factors of 10289.
10289
List the prime factors of 675206.
2, 7, 17, 2837
List the prime factors of 184632.
2, 3, 7, 157
What are the prime factors of 2400154?
2, 1200077
What are the prime factors of 3141615?
3, 5, 209441
What are the prime factors of 15165675?
3, 5, 7, 9629
List the prime factors of 2554344.
2, 3, 13, 2729
What are the prime factors of 449351?
7, 23, 2791
What are the prime factors of 95321?
199, 479
What are the prime factors of 1118547?
3, 37, 3359
List the prime factors of 438276.
2, 3, 36523
What are the prime factors of 106820?
2, 5, 7, 109
List the prime factors of 6503836.
2, 43, 37813
What are the prime factors of 3676027?
43, 53, 1613
What are the prime factors of 333710?
2, 5, 13, 17, 151
List the prime factors of 8836746.
2, 3, 1472791
List the prime factors of 6034904.
2, 487, 1549
What are the prime factors of 3091322?
2, 13, 118897
What are the prime factors of 261858?
2, 3, 19, 2297
What are the prime factors of 1092284?
2, 17, 16063
List the prime factors of 759121.
11, 69011
What are the prime factors of 77353?
103, 751
List the prime factors of 102651.
3, 34217
What are the prime factors of 721122?
2, 3, 31, 3877
What are the prime factors of 1396192?
2, 7, 23, 271
What are the prime factors of 370769?
7, 52967
List the prime factors of 338855.
5, 11, 61, 101
List the prime factors of 175103.
175103
What are the prime factors of 17691317?
7, 47, 53773
List the prime factors of 2113942.
2, 1056971
List the prime factors of 1987207.
47, 42281
List the prime factors of 10926843.
3, 19, 191699
List the prime factors of 362167.
13, 2143
List the prime factors of 698349.
3, 23, 29, 349
What are the prime factors of 3688737?
3, 13, 94583
List the prime factors of 11037553.
11037553
List the prime factors of 8052359.
7, 41, 28057
List the prime factors of 503085.
3, 5, 11, 3049
What are the prime factors of 1718?
2, 859
What are the prime factors of 630649?
17, 37097
What are the prime factors of 304876?
2, 11, 13, 41
List the prime factors of 381207.
3, 31, 4099
What are the prime factors of 579565?
5, 7, 29, 571
List the prime factors of 9106291.
181, 50311
